{"id":29,"date":"2025-11-10T15:25:23","date_gmt":"2025-11-10T18:25:23","guid":{"rendered":"https:\/\/mauatrans.com\/vistoria\/?page_id=29"},"modified":"2026-03-16T13:42:04","modified_gmt":"2026-03-16T16:42:04","slug":"mauatrans-vistoria","status":"publish","type":"page","link":"https:\/\/mauatrans.com\/vistoria\/","title":{"rendered":"Mauatrans Vistoria"},"content":{"rendered":"\t\t<div data-elementor-type=\"wp-page\" data-elementor-id=\"29\" class=\"elementor elementor-29\">\n\t\t\t\t<div class=\"elementor-element elementor-element-b20fdda e-flex e-con-boxed e-con e-parent\" data-id=\"b20fdda\" data-element_type=\"container\" data-e-type=\"container\">\n\t\t\t\t\t<div class=\"e-con-inner\">\n\t\t<div class=\"elementor-element elementor-element-ba42a4a e-con-full e-flex e-con e-child\" data-id=\"ba42a4a\" data-element_type=\"container\" data-e-type=\"container\">\n\t\t\t\t<div class=\"elementor-element elementor-element-2b44f1c elementor-widget elementor-widget-image\" data-id=\"2b44f1c\" data-element_type=\"widget\" data-e-type=\"widget\" data-widget_type=\"image.default\">\n\t\t\t\t\t\t\t\t\t\t\t\t\t\t\t<img fetchpriority=\"high\" decoding=\"async\" width=\"800\" height=\"533\" src=\"https:\/\/mauatrans.com\/vistoria\/wp-content\/uploads\/2025\/11\/laudo-vistoria-veicular.png\" class=\"attachment-large size-large wp-image-37\" alt=\"\" srcset=\"https:\/\/mauatrans.com\/vistoria\/wp-content\/uploads\/2025\/11\/laudo-vistoria-veicular.png 1536w, https:\/\/mauatrans.com\/vistoria\/wp-content\/uploads\/2025\/11\/laudo-vistoria-veicular-300x200.png 300w\" sizes=\"(max-width: 800px) 100vw, 800px\" \/>\t\t\t\t\t\t\t\t\t\t\t\t\t\t\t<\/div>\n\t\t\t\t<\/div>\n\t\t<div class=\"elementor-element elementor-element-d43befb e-con-full e-flex e-con e-child\" data-id=\"d43befb\" data-element_type=\"container\" data-e-type=\"container\">\n\t\t<div class=\"elementor-element elementor-element-91e98ff e-con-full e-flex e-con e-child\" data-id=\"91e98ff\" data-element_type=\"container\" data-e-type=\"container\">\n\t\t\t\t<div class=\"elementor-element elementor-element-126b05d elementor-widget elementor-widget-heading\" data-id=\"126b05d\" data-element_type=\"widget\" data-e-type=\"widget\" data-widget_type=\"heading.default\">\n\t\t\t\t\t<h2 class=\"elementor-heading-title elementor-size-default\">Vistoria Veicular Mauatrans<\/h2>\t\t\t\t<\/div>\n\t\t\t\t<div class=\"elementor-element elementor-element-88fdb50 elementor-position-inline-start elementor-view-default elementor-mobile-position-block-start elementor-widget elementor-widget-icon-box\" data-id=\"88fdb50\" data-element_type=\"widget\" data-e-type=\"widget\" data-widget_type=\"icon-box.default\">\n\t\t\t\t\t\t\t<div class=\"elementor-icon-box-wrapper\">\n\n\t\t\t\t\t\t<div class=\"elementor-icon-box-icon\">\n\t\t\t\t<a href=\"https:\/\/api.whatsapp.com\/send?phone=5511975279541&#038;text=Voc%C3%AA+est%C3%A1+falando+com+Mauatrans+Vistoria+Veicular\" class=\"elementor-icon\" tabindex=\"-1\" aria-label=\"(11) 97527-9541\">\n\t\t\t\t<svg aria-hidden=\"true\" class=\"e-font-icon-svg e-fab-whatsapp\" viewBox=\"0 0 448 512\" xmlns=\"http:\/\/www.w3.org\/2000\/svg\"><path d=\"M380.9 97.1C339 55.1 283.2 32 223.9 32c-122.4 0-222 99.6-222 222 0 39.1 10.2 77.3 29.6 111L0 480l117.7-30.9c32.4 17.7 68.9 27 106.1 27h.1c122.3 0 224.1-99.6 224.1-222 0-59.3-25.2-115-67.1-157zm-157 341.6c-33.2 0-65.7-8.9-94-25.7l-6.7-4-69.8 18.3L72 359.2l-4.4-7c-18.5-29.4-28.2-63.3-28.2-98.2 0-101.7 82.8-184.5 184.6-184.5 49.3 0 95.6 19.2 130.4 54.1 34.8 34.9 56.2 81.2 56.1 130.5 0 101.8-84.9 184.6-186.6 184.6zm101.2-138.2c-5.5-2.8-32.8-16.2-37.9-18-5.1-1.9-8.8-2.8-12.5 2.8-3.7 5.6-14.3 18-17.6 21.8-3.2 3.7-6.5 4.2-12 1.4-32.6-16.3-54-29.1-75.5-66-5.7-9.8 5.7-9.1 16.3-30.3 1.8-3.7.9-6.9-.5-9.7-1.4-2.8-12.5-30.1-17.1-41.2-4.5-10.8-9.1-9.3-12.5-9.5-3.2-.2-6.9-.2-10.6-.2-3.7 0-9.7 1.4-14.8 6.9-5.1 5.6-19.4 19-19.4 46.3 0 27.3 19.9 53.7 22.6 57.4 2.8 3.7 39.1 59.7 94.8 83.8 35.2 15.2 49 16.5 66.6 13.9 10.7-1.6 32.8-13.4 37.4-26.4 4.6-13 4.6-24.1 3.2-26.4-1.3-2.5-5-3.9-10.5-6.6z\"><\/path><\/svg>\t\t\t\t<\/a>\n\t\t\t<\/div>\n\t\t\t\n\t\t\t\t\t\t<div class=\"elementor-icon-box-content\">\n\n\t\t\t\t\t\t\t\t\t<h3 class=\"elementor-icon-box-title\">\n\t\t\t\t\t\t<a href=\"https:\/\/api.whatsapp.com\/send?phone=5511975279541&#038;text=Voc%C3%AA+est%C3%A1+falando+com+Mauatrans+Vistoria+Veicular\" >\n\t\t\t\t\t\t\t(11) 97527-9541\t\t\t\t\t\t<\/a>\n\t\t\t\t\t<\/h3>\n\t\t\t\t\n\t\t\t\t\t\t\t\t\t<p class=\"elementor-icon-box-description\">\n\t\t\t\t\t\tLaudo para Transfer\u00eancia,\nPesquisa de Leil\u00e3o,\nRevitaliza\u00e7\u00e3o de Chassi,\nPer\u00edcia Cautelar.\t\t\t\t\t<\/p>\n\t\t\t\t\n\t\t\t<\/div>\n\t\t\t\n\t\t<\/div>\n\t\t\t\t\t\t<\/div>\n\t\t\t\t<\/div>\n\t\t\t\t<\/div>\n\t\t\t\t\t<\/div>\n\t\t\t\t<\/div>\n\t\t<div class=\"elementor-element elementor-element-5b6fd76 e-flex e-con-boxed e-con e-parent\" data-id=\"5b6fd76\" data-element_type=\"container\" data-e-type=\"container\">\n\t\t\t\t\t<div class=\"e-con-inner\">\n\t\t\t\t<div class=\"elementor-element elementor-element-d032e4e elementor-widget elementor-widget-heading\" data-id=\"d032e4e\" data-element_type=\"widget\" data-e-type=\"widget\" data-widget_type=\"heading.default\">\n\t\t\t\t\t<h2 class=\"elementor-heading-title elementor-size-default\">Nossos servi\u00e7os<\/h2>\t\t\t\t<\/div>\n\t\t\t\t\t<\/div>\n\t\t\t\t<\/div>\n\t\t<div class=\"elementor-element elementor-element-9e85dd4 e-flex e-con-boxed e-con e-parent\" data-id=\"9e85dd4\" data-element_type=\"container\" data-e-type=\"container\" id=\"servicos\">\n\t\t\t\t\t<div class=\"e-con-inner\">\n\t\t<div class=\"elementor-element elementor-element-38b20f6 e-con-full e-flex e-con e-child\" data-id=\"38b20f6\" data-element_type=\"container\" data-e-type=\"container\">\n\t\t\t\t<div class=\"elementor-element elementor-element-fb6826b elementor-position-top elementor-widget elementor-widget-image-box\" data-id=\"fb6826b\" data-element_type=\"widget\" data-e-type=\"widget\" data-widget_type=\"image-box.default\">\n\t\t\t\t\t<div class=\"elementor-image-box-wrapper\"><figure class=\"elementor-image-box-img\"><img decoding=\"async\" width=\"600\" height=\"600\" src=\"https:\/\/mauatrans.com\/vistoria\/wp-content\/uploads\/2026\/03\/laudo-transferencia.jpg\" class=\"attachment-full size-full wp-image-104\" alt=\"\" srcset=\"https:\/\/mauatrans.com\/vistoria\/wp-content\/uploads\/2026\/03\/laudo-transferencia.jpg 600w, https:\/\/mauatrans.com\/vistoria\/wp-content\/uploads\/2026\/03\/laudo-transferencia-300x300.jpg 300w, https:\/\/mauatrans.com\/vistoria\/wp-content\/uploads\/2026\/03\/laudo-transferencia-150x150.jpg 150w\" sizes=\"(max-width: 600px) 100vw, 600px\" \/><\/figure><div class=\"elementor-image-box-content\"><h4 class=\"elementor-image-box-title\">Laudo para transfer\u00eancia<\/h4><p class=\"elementor-image-box-description\">\u00e9 um documento obrigat\u00f3rio que atesta as condi\u00e7\u00f5es de seguran\u00e7a e a originalidade do ve\u00edculo para a conclus\u00e3o do processo de transfer\u00eancia de propriedade. Ele \u00e9 emitido ap\u00f3s uma vistoria realizada por uma Empresa Credenciada de Vistoria (ECV) autorizada pelo DETRAN<\/p><\/div><\/div>\t\t\t\t<\/div>\n\t\t\t\t<\/div>\n\t\t<div class=\"elementor-element elementor-element-88118a5 e-con-full e-flex e-con e-child\" data-id=\"88118a5\" data-element_type=\"container\" data-e-type=\"container\">\n\t\t\t\t<div class=\"elementor-element elementor-element-a80c6db elementor-position-top elementor-widget elementor-widget-image-box\" data-id=\"a80c6db\" data-element_type=\"widget\" data-e-type=\"widget\" data-widget_type=\"image-box.default\">\n\t\t\t\t\t<div class=\"elementor-image-box-wrapper\"><figure class=\"elementor-image-box-img\"><img decoding=\"async\" width=\"600\" height=\"600\" src=\"https:\/\/mauatrans.com\/vistoria\/wp-content\/uploads\/2026\/03\/pesquisa-de-leilao.jpg\" class=\"attachment-full size-full wp-image-106\" alt=\"\" srcset=\"https:\/\/mauatrans.com\/vistoria\/wp-content\/uploads\/2026\/03\/pesquisa-de-leilao.jpg 600w, https:\/\/mauatrans.com\/vistoria\/wp-content\/uploads\/2026\/03\/pesquisa-de-leilao-300x300.jpg 300w, https:\/\/mauatrans.com\/vistoria\/wp-content\/uploads\/2026\/03\/pesquisa-de-leilao-150x150.jpg 150w\" sizes=\"(max-width: 600px) 100vw, 600px\" \/><\/figure><div class=\"elementor-image-box-content\"><h4 class=\"elementor-image-box-title\">Pesquisa de leil\u00e3o<\/h4><p class=\"elementor-image-box-description\">por ECV (Empresa Credenciada de Vistoria) \u00e9 uma etapa crucial na compra de um ve\u00edculo usado para identificar se o carro passou por leil\u00e3o, sinistro ou possui irregularidades estruturais.<\/p><\/div><\/div>\t\t\t\t<\/div>\n\t\t\t\t<\/div>\n\t\t<div class=\"elementor-element elementor-element-d9f608d e-con-full e-flex e-con e-child\" data-id=\"d9f608d\" data-element_type=\"container\" data-e-type=\"container\">\n\t\t\t\t<div class=\"elementor-element elementor-element-bc8ead8 elementor-position-top elementor-widget elementor-widget-image-box\" data-id=\"bc8ead8\" data-element_type=\"widget\" data-e-type=\"widget\" data-widget_type=\"image-box.default\">\n\t\t\t\t\t<div class=\"elementor-image-box-wrapper\"><figure class=\"elementor-image-box-img\"><img loading=\"lazy\" decoding=\"async\" width=\"600\" height=\"600\" src=\"https:\/\/mauatrans.com\/vistoria\/wp-content\/uploads\/2026\/03\/pericia-cautelar.jpg\" class=\"attachment-full size-full wp-image-105\" alt=\"\" srcset=\"https:\/\/mauatrans.com\/vistoria\/wp-content\/uploads\/2026\/03\/pericia-cautelar.jpg 600w, https:\/\/mauatrans.com\/vistoria\/wp-content\/uploads\/2026\/03\/pericia-cautelar-300x300.jpg 300w, https:\/\/mauatrans.com\/vistoria\/wp-content\/uploads\/2026\/03\/pericia-cautelar-150x150.jpg 150w\" sizes=\"(max-width: 600px) 100vw, 600px\" \/><\/figure><div class=\"elementor-image-box-content\"><h4 class=\"elementor-image-box-title\">Per\u00edcia cautelar<\/h4><p class=\"elementor-image-box-description\"> um check-up completo e minucioso do hist\u00f3rico e das condi\u00e7\u00f5es f\u00edsicas de um carro usado ou seminovo, n\u00e3o sendo obrigat\u00f3ria por lei, mas altamente recomendada antes da compra e venda para seguran\u00e7a do comprador.<\/p><\/div><\/div>\t\t\t\t<\/div>\n\t\t\t\t<\/div>\n\t\t<div class=\"elementor-element elementor-element-ef73e77 e-con-full e-flex e-con e-child\" data-id=\"ef73e77\" data-element_type=\"container\" data-e-type=\"container\">\n\t\t\t\t<div class=\"elementor-element elementor-element-934a8a0 elementor-position-top elementor-widget elementor-widget-image-box\" data-id=\"934a8a0\" data-element_type=\"widget\" data-e-type=\"widget\" data-widget_type=\"image-box.default\">\n\t\t\t\t\t<div class=\"elementor-image-box-wrapper\"><figure class=\"elementor-image-box-img\"><img loading=\"lazy\" decoding=\"async\" width=\"600\" height=\"600\" src=\"https:\/\/mauatrans.com\/vistoria\/wp-content\/uploads\/2026\/03\/revitalizacao-chassi.jpg\" class=\"attachment-full size-full wp-image-107\" alt=\"\" srcset=\"https:\/\/mauatrans.com\/vistoria\/wp-content\/uploads\/2026\/03\/revitalizacao-chassi.jpg 600w, https:\/\/mauatrans.com\/vistoria\/wp-content\/uploads\/2026\/03\/revitalizacao-chassi-300x300.jpg 300w, https:\/\/mauatrans.com\/vistoria\/wp-content\/uploads\/2026\/03\/revitalizacao-chassi-150x150.jpg 150w\" sizes=\"(max-width: 600px) 100vw, 600px\" \/><\/figure><div class=\"elementor-image-box-content\"><h4 class=\"elementor-image-box-title\">Revitaliza\u00e7\u00e3o de chassi<\/h4><p class=\"elementor-image-box-description\">\u00e9 um processo de manuten\u00e7\u00e3o essencial que envolve a limpeza e o tratamento da estrutura inferior do ve\u00edculo para remover ferrugem, oxida\u00e7\u00e3o e prevenir danos futuros<\/p><\/div><\/div>\t\t\t\t<\/div>\n\t\t\t\t<\/div>\n\t\t\t\t\t<\/div>\n\t\t\t\t<\/div>\n\t\t<div class=\"elementor-element elementor-element-453a60a e-flex e-con-boxed e-con e-parent\" data-id=\"453a60a\" data-element_type=\"container\" data-e-type=\"container\" data-settings=\"{&quot;background_background&quot;:&quot;classic&quot;,&quot;shape_divider_top&quot;:&quot;triangle&quot;}\">\n\t\t\t\t\t<div class=\"e-con-inner\">\n\t\t\t\t<div class=\"elementor-shape elementor-shape-top\" aria-hidden=\"true\" data-negative=\"false\">\n\t\t\t<svg xmlns=\"http:\/\/www.w3.org\/2000\/svg\" viewBox=\"0 0 1000 100\" preserveAspectRatio=\"none\">\n\t<path class=\"elementor-shape-fill\" d=\"M500,98.9L0,6.1V0h1000v6.1L500,98.9z\"\/>\n<\/svg>\t\t<\/div>\n\t\t\t\t<div class=\"elementor-element elementor-element-01cd2b1 elementor-widget elementor-widget-heading\" data-id=\"01cd2b1\" data-element_type=\"widget\" data-e-type=\"widget\" id=\"como-chegar\" data-widget_type=\"heading.default\">\n\t\t\t\t\t<h3 class=\"elementor-heading-title elementor-size-default\">Av. Portugal, 165 - Jardim Pilar, Mau\u00e1 <\/h3>\t\t\t\t<\/div>\n\t\t\t\t\t<\/div>\n\t\t\t\t<\/div>\n\t\t<div class=\"elementor-element elementor-element-f682105 e-flex e-con-boxed e-con e-parent\" data-id=\"f682105\" data-element_type=\"container\" data-e-type=\"container\" id=\"contato\" data-settings=\"{&quot;background_background&quot;:&quot;classic&quot;}\">\n\t\t\t\t\t<div class=\"e-con-inner\">\n\t\t<div class=\"elementor-element elementor-element-4303076 e-con-full e-flex e-con e-child\" data-id=\"4303076\" data-element_type=\"container\" data-e-type=\"container\">\n\t\t\t\t<div class=\"elementor-element elementor-element-2a1dee7 elementor-view-default elementor-position-block-start elementor-mobile-position-block-start elementor-widget elementor-widget-icon-box\" data-id=\"2a1dee7\" data-element_type=\"widget\" data-e-type=\"widget\" data-widget_type=\"icon-box.default\">\n\t\t\t\t\t\t\t<div class=\"elementor-icon-box-wrapper\">\n\n\t\t\t\t\t\t<div class=\"elementor-icon-box-icon\">\n\t\t\t\t<a href=\"https:\/\/api.whatsapp.com\/send?phone=5511940144352&#038;text=Voc%C3%AA+est%C3%A1+falando+com+Mauatrans+Vistoria+Veicular\" class=\"elementor-icon\" tabindex=\"-1\" aria-label=\"(11) 94014-4352\">\n\t\t\t\t<svg aria-hidden=\"true\" class=\"e-font-icon-svg e-fab-whatsapp-square\" viewBox=\"0 0 448 512\" xmlns=\"http:\/\/www.w3.org\/2000\/svg\"><path d=\"M224 122.8c-72.7 0-131.8 59.1-131.9 131.8 0 24.9 7 49.2 20.2 70.1l3.1 5-13.3 48.6 49.9-13.1 4.8 2.9c20.2 12 43.4 18.4 67.1 18.4h.1c72.6 0 133.3-59.1 133.3-131.8 0-35.2-15.2-68.3-40.1-93.2-25-25-58-38.7-93.2-38.7zm77.5 188.4c-3.3 9.3-19.1 17.7-26.7 18.8-12.6 1.9-22.4.9-47.5-9.9-39.7-17.2-65.7-57.2-67.7-59.8-2-2.6-16.2-21.5-16.2-41s10.2-29.1 13.9-33.1c3.6-4 7.9-5 10.6-5 2.6 0 5.3 0 7.6.1 2.4.1 5.7-.9 8.9 6.8 3.3 7.9 11.2 27.4 12.2 29.4s1.7 4.3.3 6.9c-7.6 15.2-15.7 14.6-11.6 21.6 15.3 26.3 30.6 35.4 53.9 47.1 4 2 6.3 1.7 8.6-1 2.3-2.6 9.9-11.6 12.5-15.5 2.6-4 5.3-3.3 8.9-2 3.6 1.3 23.1 10.9 27.1 12.9s6.6 3 7.6 4.6c.9 1.9.9 9.9-2.4 19.1zM400 32H48C21.5 32 0 53.5 0 80v352c0 26.5 21.5 48 48 48h352c26.5 0 48-21.5 48-48V80c0-26.5-21.5-48-48-48zM223.9 413.2c-26.6 0-52.7-6.7-75.8-19.3L64 416l22.5-82.2c-13.9-24-21.2-51.3-21.2-79.3C65.4 167.1 136.5 96 223.9 96c42.4 0 82.2 16.5 112.2 46.5 29.9 30 47.9 69.8 47.9 112.2 0 87.4-72.7 158.5-160.1 158.5z\"><\/path><\/svg>\t\t\t\t<\/a>\n\t\t\t<\/div>\n\t\t\t\n\t\t\t\t\t\t<div class=\"elementor-icon-box-content\">\n\n\t\t\t\t\t\t\t\t\t<h3 class=\"elementor-icon-box-title\">\n\t\t\t\t\t\t<a href=\"https:\/\/api.whatsapp.com\/send?phone=5511940144352&#038;text=Voc%C3%AA+est%C3%A1+falando+com+Mauatrans+Vistoria+Veicular\" >\n\t\t\t\t\t\t\t(11) 94014-4352\t\t\t\t\t\t<\/a>\n\t\t\t\t\t<\/h3>\n\t\t\t\t\n\t\t\t\t\n\t\t\t<\/div>\n\t\t\t\n\t\t<\/div>\n\t\t\t\t\t\t<\/div>\n\t\t\t\t<\/div>\n\t\t<div class=\"elementor-element elementor-element-5dcf05d e-con-full e-flex e-con e-child\" data-id=\"5dcf05d\" data-element_type=\"container\" data-e-type=\"container\">\n\t\t\t\t<div class=\"elementor-element elementor-element-1ca58e5 elementor-view-default elementor-position-block-start elementor-mobile-position-block-start elementor-widget elementor-widget-icon-box\" data-id=\"1ca58e5\" data-element_type=\"widget\" data-e-type=\"widget\" data-widget_type=\"icon-box.default\">\n\t\t\t\t\t\t\t<div class=\"elementor-icon-box-wrapper\">\n\n\t\t\t\t\t\t<div class=\"elementor-icon-box-icon\">\n\t\t\t\t<a href=\"https:\/\/www.instagram.com\/mauatrans\" class=\"elementor-icon\" tabindex=\"-1\" aria-label=\"\/mauatrans\">\n\t\t\t\t<svg aria-hidden=\"true\" class=\"e-font-icon-svg e-fab-instagram\" viewBox=\"0 0 448 512\" xmlns=\"http:\/\/www.w3.org\/2000\/svg\"><path d=\"M224.1 141c-63.6 0-114.9 51.3-114.9 114.9s51.3 114.9 114.9 114.9S339 319.5 339 255.9 287.7 141 224.1 141zm0 189.6c-41.1 0-74.7-33.5-74.7-74.7s33.5-74.7 74.7-74.7 74.7 33.5 74.7 74.7-33.6 74.7-74.7 74.7zm146.4-194.3c0 14.9-12 26.8-26.8 26.8-14.9 0-26.8-12-26.8-26.8s12-26.8 26.8-26.8 26.8 12 26.8 26.8zm76.1 27.2c-1.7-35.9-9.9-67.7-36.2-93.9-26.2-26.2-58-34.4-93.9-36.2-37-2.1-147.9-2.1-184.9 0-35.8 1.7-67.6 9.9-93.9 36.1s-34.4 58-36.2 93.9c-2.1 37-2.1 147.9 0 184.9 1.7 35.9 9.9 67.7 36.2 93.9s58 34.4 93.9 36.2c37 2.1 147.9 2.1 184.9 0 35.9-1.7 67.7-9.9 93.9-36.2 26.2-26.2 34.4-58 36.2-93.9 2.1-37 2.1-147.8 0-184.8zM398.8 388c-7.8 19.6-22.9 34.7-42.6 42.6-29.5 11.7-99.5 9-132.1 9s-102.7 2.6-132.1-9c-19.6-7.8-34.7-22.9-42.6-42.6-11.7-29.5-9-99.5-9-132.1s-2.6-102.7 9-132.1c7.8-19.6 22.9-34.7 42.6-42.6 29.5-11.7 99.5-9 132.1-9s102.7-2.6 132.1 9c19.6 7.8 34.7 22.9 42.6 42.6 11.7 29.5 9 99.5 9 132.1s2.7 102.7-9 132.1z\"><\/path><\/svg>\t\t\t\t<\/a>\n\t\t\t<\/div>\n\t\t\t\n\t\t\t\t\t\t<div class=\"elementor-icon-box-content\">\n\n\t\t\t\t\t\t\t\t\t<h3 class=\"elementor-icon-box-title\">\n\t\t\t\t\t\t<a href=\"https:\/\/www.instagram.com\/mauatrans\" >\n\t\t\t\t\t\t\t\/mauatrans\t\t\t\t\t\t<\/a>\n\t\t\t\t\t<\/h3>\n\t\t\t\t\n\t\t\t\t\n\t\t\t<\/div>\n\t\t\t\n\t\t<\/div>\n\t\t\t\t\t\t<\/div>\n\t\t\t\t<\/div>\n\t\t<div class=\"elementor-element elementor-element-4d2e50a e-con-full e-flex e-con e-child\" data-id=\"4d2e50a\" data-element_type=\"container\" data-e-type=\"container\">\n\t\t\t\t<div class=\"elementor-element elementor-element-9d7e69e elementor-widget elementor-widget-wp-widget-nav_menu\" data-id=\"9d7e69e\" data-element_type=\"widget\" data-e-type=\"widget\" data-widget_type=\"wp-widget-nav_menu.default\">\n\t\t\t\t<div class=\"elementor-widget-container\">\n\t\t\t\t\t<nav class=\"menu-rodape-container\" aria-label=\"Menu\"><ul id=\"menu-rodape\" class=\"menu\"><li id=\"menu-item-86\" class=\"menu-item menu-item-type-post_type menu-item-object-page current_page_parent menu-item-86\"><a href=\"https:\/\/mauatrans.com\/vistoria\/informacoes\/\">Informa\u00e7\u00f5es<\/a><\/li>\n<\/ul><\/nav>\t\t\t\t<\/div>\n\t\t\t\t<\/div>\n\t\t\t\t<\/div>\n\t\t<div class=\"elementor-element elementor-element-adf6c77 e-con-full e-flex e-con e-child\" data-id=\"adf6c77\" data-element_type=\"container\" data-e-type=\"container\">\n\t\t\t\t<div class=\"elementor-element elementor-element-d79201c elementor-widget elementor-widget-google_maps\" data-id=\"d79201c\" data-element_type=\"widget\" data-e-type=\"widget\" data-widget_type=\"google_maps.default\">\n\t\t\t\t\t\t\t<div class=\"elementor-custom-embed\">\n\t\t\t<iframe loading=\"lazy\"\n\t\t\t\t\tsrc=\"https:\/\/maps.google.com\/maps?q=Av.%20Portugal%2C%20165%20-%20Jardim%20Pilar%2C%20Mau%C3%A1%20-%20SP%2C%2009370-000&#038;t=m&#038;z=16&#038;output=embed&#038;iwloc=near\"\n\t\t\t\t\ttitle=\"Av. Portugal, 165 - Jardim Pilar, Mau\u00e1 - SP, 09370-000\"\n\t\t\t\t\taria-label=\"Av. Portugal, 165 - Jardim Pilar, Mau\u00e1 - SP, 09370-000\"\n\t\t\t><\/iframe>\n\t\t<\/div>\n\t\t\t\t\t\t<\/div>\n\t\t\t\t<\/div>\n\t\t\t\t\t<\/div>\n\t\t\t\t<\/div>\n\t\t<div class=\"elementor-element elementor-element-01f96cc e-flex e-con-boxed e-con e-parent\" data-id=\"01f96cc\" data-element_type=\"container\" data-e-type=\"container\" data-settings=\"{&quot;shape_divider_top&quot;:&quot;opacity-tilt&quot;}\">\n\t\t\t\t\t<div class=\"e-con-inner\">\n\t\t\t\t<div class=\"elementor-shape elementor-shape-top\" aria-hidden=\"true\" data-negative=\"false\">\n\t\t\t<svg xmlns=\"http:\/\/www.w3.org\/2000\/svg\" viewBox=\"0 0 2600 131.1\" preserveAspectRatio=\"none\">\n\t<path class=\"elementor-shape-fill\" d=\"M0 0L2600 0 2600 69.1 0 0z\"\/>\n\t<path class=\"elementor-shape-fill\" style=\"opacity:0.5\" d=\"M0 0L2600 0 2600 69.1 0 69.1z\"\/>\n\t<path class=\"elementor-shape-fill\" style=\"opacity:0.25\" d=\"M2600 0L0 0 0 130.1 2600 69.1z\"\/>\n<\/svg>\t\t<\/div>\n\t\t<div class=\"elementor-element elementor-element-4efd33f e-con-full e-flex e-con e-child\" data-id=\"4efd33f\" data-element_type=\"container\" data-e-type=\"container\">\n\t\t\t\t<div class=\"elementor-element elementor-element-49a6d86 elementor-widget elementor-widget-image\" data-id=\"49a6d86\" data-element_type=\"widget\" data-e-type=\"widget\" data-widget_type=\"image.default\">\n\t\t\t\t\t\t\t\t\t\t\t\t<figure class=\"wp-caption\">\n\t\t\t\t\t\t\t\t\t\t\t<a href=\"https:\/\/mauatrans.com\/emplacamento\/\">\n\t\t\t\t\t\t\t<img loading=\"lazy\" decoding=\"async\" width=\"300\" height=\"105\" src=\"https:\/\/mauatrans.com\/vistoria\/wp-content\/uploads\/2025\/11\/emplacamento.webp\" class=\"attachment-medium size-medium wp-image-58\" alt=\"\" \/>\t\t\t\t\t\t\t\t<\/a>\n\t\t\t\t\t\t\t\t\t\t\t<figcaption class=\"widget-image-caption wp-caption-text\">Visite o site das placas Mercosul<\/figcaption>\n\t\t\t\t\t\t\t\t\t\t<\/figure>\n\t\t\t\t\t\t\t\t\t<\/div>\n\t\t\t\t<\/div>\n\t\t<div class=\"elementor-element elementor-element-a74053d e-con-full e-flex e-con e-child\" data-id=\"a74053d\" data-element_type=\"container\" data-e-type=\"container\">\n\t\t\t\t<div class=\"elementor-element elementor-element-bab2cc7 elementor-widget elementor-widget-image\" data-id=\"bab2cc7\" data-element_type=\"widget\" data-e-type=\"widget\" data-widget_type=\"image.default\">\n\t\t\t\t\t\t\t\t\t\t\t\t<figure class=\"wp-caption\">\n\t\t\t\t\t\t\t\t\t\t\t<a href=\"https:\/\/mauatrans.com\/inspecao\/\">\n\t\t\t\t\t\t\t<img loading=\"lazy\" decoding=\"async\" width=\"300\" height=\"75\" src=\"https:\/\/mauatrans.com\/vistoria\/wp-content\/uploads\/2025\/11\/inspecao-300x75.png\" class=\"attachment-medium size-medium wp-image-57\" alt=\"\" srcset=\"https:\/\/mauatrans.com\/vistoria\/wp-content\/uploads\/2025\/11\/inspecao-300x75.png 300w, https:\/\/mauatrans.com\/vistoria\/wp-content\/uploads\/2025\/11\/inspecao.png 500w\" sizes=\"(max-width: 300px) 100vw, 300px\" \/>\t\t\t\t\t\t\t\t<\/a>\n\t\t\t\t\t\t\t\t\t\t\t<figcaption class=\"widget-image-caption wp-caption-text\">Visite o site da Inspe\u00e7\u00e3o Veicular<\/figcaption>\n\t\t\t\t\t\t\t\t\t\t<\/figure>\n\t\t\t\t\t\t\t\t\t<\/div>\n\t\t\t\t<\/div>\n\t\t\t\t\t<\/div>\n\t\t\t\t<\/div>\n\t\t\t\t<\/div>\n\t\t","protected":false},"excerpt":{"rendered":"<p>Vistoria Veicular Mauatrans (11) 97527-9541 Laudo para Transfer\u00eancia, Pesquisa de Leil\u00e3o, Revitaliza\u00e7\u00e3o de Chassi, Per\u00edcia Cautelar. Nossos servi\u00e7os Laudo para transfer\u00eancia \u00e9 um documento obrigat\u00f3rio que atesta as condi\u00e7\u00f5es de seguran\u00e7a e a originalidade do ve\u00edculo para a conclus\u00e3o do processo de transfer\u00eancia de propriedade. Ele \u00e9 emitido ap\u00f3s uma vistoria realizada por uma Empresa [&hellip;]<\/p>\n","protected":false},"author":1,"featured_media":0,"parent":0,"menu_order":0,"comment_status":"closed","ping_status":"closed","template":"elementor_header_footer","meta":{"footnotes":""},"class_list":["post-29","page","type-page","status-publish","hentry"],"_links":{"self":[{"href":"https:\/\/mauatrans.com\/vistoria\/wp-json\/wp\/v2\/pages\/29","targetHints":{"allow":["GET"]}}],"collection":[{"href":"https:\/\/mauatrans.com\/vistoria\/wp-json\/wp\/v2\/pages"}],"about":[{"href":"https:\/\/mauatrans.com\/vistoria\/wp-json\/wp\/v2\/types\/page"}],"author":[{"embeddable":true,"href":"https:\/\/mauatrans.com\/vistoria\/wp-json\/wp\/v2\/users\/1"}],"replies":[{"embeddable":true,"href":"https:\/\/mauatrans.com\/vistoria\/wp-json\/wp\/v2\/comments?post=29"}],"version-history":[{"count":52,"href":"https:\/\/mauatrans.com\/vistoria\/wp-json\/wp\/v2\/pages\/29\/revisions"}],"predecessor-version":[{"id":117,"href":"https:\/\/mauatrans.com\/vistoria\/wp-json\/wp\/v2\/pages\/29\/revisions\/117"}],"wp:attachment":[{"href":"https:\/\/mauatrans.com\/vistoria\/wp-json\/wp\/v2\/media?parent=29"}],"curies":[{"name":"wp","href":"https:\/\/api.w.org\/{rel}","templated":true}]}}